 of 721.
7, 103
List the prime factors of 225.
3, 5
List the prime factors of 12633.
3, 4211
What are the prime factors of 54095?
5, 31, 349
List the prime factors of 12470.
2, 5, 29, 43
What are the prime factors of 2086?
2, 7, 149
List the prime factors of 5480.
2, 5, 137
List the prime factors of 4197.
3, 1399
What are the prime factors of 9379?
83, 113
What are the prime factors of 6604?
2, 13, 127
What are the prime factors of 111439?
111439
What are the prime factors of 4504?
2, 563
What are the prime factors of 1803?
3, 601
What are the prime factors of 45955?
5, 7, 13, 101
What are the prime factors of 49425?
3, 5, 659
List the prime factors of 68406.
2, 3, 13, 877
What are the prime factors of 5328?
2, 3, 37
List the prime factors of 78760.
2, 5, 11, 179
List the prime factors of 1501.
19, 79
What are the prime factors of 987?
3, 7, 47
List the prime factors of 43695.
3, 5, 971
List the prime factors of 1785.
3, 5, 7, 17
List the prime factors of 433.
433
List the prime factors of 959.
7, 137
What are the prime factors of 83825?
5, 7, 479
What are the prime factors of 1183?
7, 13
What are the prime factors of 977?
977
List the prime factors of 841.
29
What are the prime factors of 19059?
3, 6353
What are the prime factors of 1672?
2, 11, 19
What are the prime factors of 536?
2, 67
List the prime factors of 47020.
2, 5, 2351
List the prime factors of 9593.
53, 181
What are the prime factors of 889?
7, 127
What are the prime factors of 705?
3, 5, 47
List the prime factors of 1153.
1153
List the prime factors of 1256.
2, 157
List the prime factors of 1296.
2, 3
List the prime factors of 19216.
2, 1201
What are the prime factors of 13022?
2, 17, 383
List the prime factors of 32048.
2, 2003
List the prime factors of 1603.
7, 229
What are the prime factors of 471?
3, 157
What are the prime factors of 840?
2, 3, 5, 7
What are the prime factors of 20140?
2, 5, 19, 53
What are the prime factors of 5222?
2, 7, 373
What are the prime factors of 903?
3, 7, 43
List the prime factors of 16497.
3, 13, 47
What are the prime factors of 25006?
2, 12503
What are the prime factors of 6047?
6047
What are the prime factors of 19159?
7, 17, 23
List the prime factors of 1612.
2, 13, 31
List the prime factors of 2230.
2, 5, 223
List the prime factors of 63241.
63241
What are the prime factors of 98505?
3, 5, 11, 199
List the prime factors of 89806.
2, 83, 541
List the prime factors of 2401.
7
What are the prime factors of 37?
37
What are the prime factors of 42766?
2, 21383
List the prime factors of 10841.
37, 293
What are the prime factors of 4438?
2, 7, 317
List the prime factors of 94396.
2, 23599
What are the prime factors of 28362?
2, 3, 29, 163
List the prime factors of 29164.
2, 23, 317
What are the prime factors of 2101?
11, 191
List the prime factors of 11118.
2, 3, 17, 109
What are the prime factors of 4223?
41, 103
What are the prime factors of 4250?
2, 5, 17
What are the prime factors of 1649?
17, 97
What are the prime factors of 18590?
2, 5, 11, 13
What are the prime factors of 5544?
2, 3, 7, 11
List the prime factors of 3658.
2, 31, 59
What are the prime factors of 29460?
2, 3, 5, 491
What are the prime factors of 7022?
2, 3511
What are the prime factors of 181542?
2, 3, 79, 383
What are the prime factors of 13586?
2, 6793
List the prime factors of 336.
2, 3, 7
List the prime factors of 1443.
3, 13, 37
List the prime factors of 37268.
2, 7, 11
List the prime factors of 12354.
2, 3, 29, 71
List the prime factors of 9269.
13, 23, 31
What are the prime factors of 93718?
2, 47, 997
List the prime factors of 530.
2, 5, 53
What are the prime factors of 29135?
5, 5827
List the prime factors of 1318.
2, 659
What are the prime factors of 89?
89
List the prime factors of 2775.
3, 5, 37
What are the prime factors of 39070?
2, 5, 3907
List the prime factors of 5697.
3, 211
What are the prime factors of 1502?
2, 751
What are the prime factors of 174?
2, 3, 29
List the prime factors of 494.
2, 13, 19
What are the prime factors of 196891?
401, 491
List the prime factors of 45481.
45481
List the prime factors of 789.
3, 263
List the prime factors of 27288.
2, 3, 379
List the prime factors of 105009.
3, 17, 29, 71
What are the prime factors of 6404?
2, 1601
What are the prime factors of 2800?
2, 5, 7
What are the prime factors of 850?
2, 5, 17
List the prime factors of 4138.
2, 2069
List the prime factors of 991.
991
List the prime factors of 27984.
2, 3, 11, 53
List the prime factors of 115880.
2, 5, 2897
What are the prime factors of 18?
2, 3
List the prime factors of 86754.
2, 3, 19, 761
List the prime factors of 243.
3
List the prime factors of 4030.
2, 5, 13, 31
List the prime factors of 795.
3, 5, 53
List the prime factors of 5742.
2, 3, 11, 29
What are the prime factors of 9589?
43, 223
List the prime factors of 179.
179
List the prime factors of 67060.
2, 5, 7, 479
List the prime factors of 1184.
2, 37
What are the prime factors of 251?
251
List the prime factors of 15086.
2, 19, 397
What are the prime factors of 34822?
2, 23, 757
What are the prime factors of 10731?
3, 7, 73
List the prime factors of 341.
11, 31
List the prime factors of 2162.
2, 23, 47
List the prime factors of 1662.
2, 3, 277
List the prime factors of 5528.
2, 691
What are the prime factors of 48054?
2, 3, 8009
What are the prime factors of 29795?
5, 59, 101
List the prime factors of 979.
11, 89
List the prime factors of 5116.
2, 1279
What are the prime factors of 2064?
2, 3, 43
List the prime factors of 13663.
13, 1051
What are the prime factors of 18393?
3, 6131
List the prime factors of 26844.
2, 3, 2237
List the prime factors of 7540.
2, 5, 13, 29
List the prime factors of 1131.
3, 13, 29
List the prime factors of 18441.
3, 683
List the prime factors of 1887.
3, 17, 37
What are the prime factors of 199?
199
List the prime factors of 66796.
2, 16699
List the prime factors of 15979.
19, 29
List the prime factors of 15249.
3, 13, 17, 23
What are the prime factors of 166936?
2, 7, 11, 271
List the prime factors of 168.
2, 3, 7
What are the prime factors of 727?
727
List the prime factors of 511.
7, 73
List the prime factors of 39885.
3, 5, 2659
List the prime factors of 120.
2, 3, 5
What are the prime factors of 3782?
2, 31, 61
List the prime factors of 2000.
2, 5
List the prime factors of 2282.
2, 7, 163
List the prime factors of 5707.
13, 439
List the prime factors of 20661.
3, 71, 97
List the prime factors of 412.
2, 103
What are the prime factors of 55637?
23, 41, 59
What are the prime factors of 461?
461
What are the prime factors of 23695?
5, 7, 677
What are the prime factors of 1005?
3, 5, 67
What are the prime factors of 133432?
2, 13, 1283
List the prime factors of 3813.
3, 31, 41
List the prime factors of 10685.
5, 2137
What are the prime factors of 16473?
3, 17, 19
List the prime factors of 1537.
29, 53
What are the prime factors of 23391?
3, 23, 113
What are the prime factors of 6658?
2, 3329
What are the prime factors of 44157?
3, 41, 359
What are the prime factors of 15865?
5, 19, 167
List the prime factors of 81315.
3, 5, 13, 139
What are the prime factors of 1344?
2, 3, 7
What are the prime factors of 5009?
5009
List the prime factors of 350.
2, 5, 7
What are the prime factors of 17721?
3, 11, 179
List the prime factors of 1328.
2, 83
What are the prime factors of 16557?
3, 5519
List the prime factors of 70714.
2, 7, 5051
What are the prime factors of 2578?
2, 1289
List the prime factors of 16164.
2, 3, 449
What are the prime factors of 118119?
3, 39373
List the prime factors of 176757.
3, 7, 19, 443
What are the prime factors of 14072?
2, 1759
What are the prime factors of 283?
283
List the prime factors of 57834.
2, 3, 7, 17
List the prime factors of 86035.
5, 17207
What are the prime factors of 10145?
5, 2029
What are the prime factors of 1119?
3, 373
What are the prime factors of 19030?
2, 5, 11, 173
What are the prime factors of 240?
2, 3, 5
List the prime factors of 66684.
2, 3, 5557
What are the prime factors of 4823?
7, 13, 53
List the prime factors of 1091.
1091
List the prime factors of 18289.
18289
List the prime factors of 614.
2, 307
What are the prime factors of 1201?
1201
List the prime factors of 90.
2, 3, 5
List the prime factors of 978.
2, 3, 163